 Let v be j(24). Determine a(v).
-12
Let h(k) = 6*k**2 + 2*k**2 + 3*k**2 + 13 - 23*k**2 + 11*k**2 + 2*k. Determine h(4).
5
Let y(x) = 7*x**3 - 10*x**2 + x + 13. Let z(w) = w**3 - w**2 + w + 1. Let h(a) = -y(a) + 6*z(a). Let p(c) = -2*c - 1. Let o be p(-3). What is h(o)?
-7
Let m(s) = -20*s**2 - 13*s**3 + 14*s**3 + 6 - 1328*s + 1307*s. Give m(21).
6
Let k = -144 - -148. Let o(s) = 2*s + 4. Give o(k).
12
Let u(a) = -a**3 + 6*a**2 + 7*a - 50. Let v be u(6). Let n(y) = -y + 3. Determine n(v).
11
Let d(g) = g**2 - 2*g - 8. Suppose 24*s - 258 = -66. Calculate d(s).
40
Let u(g) = g + 9. Let h = 11 + -16. Let m be 0*(-2 + h/(-2)). Suppose m = 5*a + 25, -f - f - 30 = 4*a. Give u(f).
4
Let i be (52/20 - 2) + (-81)/(-15). Let a(h) = -h**3 + 5*h**2 + 6*h + 4. Let r be a(i). Let w(c) = c**3 - 3*c**2 - c + 5. Determine w(r).
17
Let p(q) be the second derivative of -1/2*q**3 + 0 + 1/20*q**5 + 1/6*q**4 - 2*q**2 + 11*q. What is p(-3)?
-4
Let p(t) = t - 1. Let j(h) = -2*h + 28. Let g be j(13). Determine p(g).
1
Let g(f) = -24 - 15 + 33 + f - 13. Calculate g(13).
-6
Let g(w) = 3*w**2 + 28*w - 43. Let b(u) = u**2 + 10*u - 15. Let i(c) = 11*b(c) - 4*g(c). Calculate i(-5).
-8
Let u(m) = 2*m**2 - 792 - 2*m**2 + m**2 + 789. Determine u(0).
-3
Let b(o) = o**3 + 2*o**2 - 63 - 71 + 215 - 75. Give b(-3).
-3
Let n(t) = t**2 - 3*t + 2. Let l(w) = 2*w**2 - 6*w + 4. Let m(f) = 2*l(f) - 5*n(f). Give m(2).
0
Let h(s) = -s**3 - 5*s**2 + 6*s. Let p be h(-6). Suppose -z = -p*z. Suppose z*d = 3*d - 15. Let a(l) = l**2 - 7*l + 4. What is a(d)?
-6
Let p(f) be the third derivative of f**6/240 + f**5/20 - f**4/24 + f**2. Let i(g) be the second derivative of p(g). Let a = 2938 + -2942. What is i(a)?
-6
Let g(q) = -q**2 + 5*q + 4. Let b be (-15)/10*104/(-6). Let a = b + -21. What is g(a)?
4
Let s(l) = l**3 - 7*l**2 + 5*l + 6. Let v(m) = m**3 + 7*m**2 + 6. Let i be (1/(-2))/((-2)/(-92)). Let a = i - -16. Let g be v(a). What is s(g)?
0
Let z(r) be the first derivative of -r**3/3 + 5*r**2/2 - 8*r - 255. Give z(8).
-32
Let k(r) = -2*r**2 - 14*r - 9. Let h(q) = -2*q - 1. Let f(v) = 6*h(v) - k(v). Calculate f(-2).
7
Let j(l) be the second derivative of -l**3/6 - 3*l**2/2 - 5*l. Let a(s) = -s - 4. Let r(q) = -5*a(q) + 7*j(q). What is r(1)?
-3
Suppose -33 = -13*w - 85. Let q(g) = 3*g + 18. Let b(l) = 1. Let a(v) = 12*b(v) - q(v). Determine a(w).
6
Let p(r) = 0 + 3*r + 12*r + 0. Let z be (2/(-1) - 1) + 4. Calculate p(z).
15
Let q(r) = -r - 4. Let k(x) = 4*x**2 - 6*x + 6. Let o be k(3). Let l = -31 + o. Calculate q(l).
3
Let w(j) = -j - 9. Let x = -113 + 122. Let l(a) = a**2 + a - 1. Let d be l(-3). Suppose 0 = 3*s - x, -5*t + d*s - 5 = 10. Give w(t).
-9
Suppose 5*s + z - 14 = 0, 0*z - 2*z + 12 = 2*s. Let f(x) be the second derivative of -x**3/3 - 336*x. Calculate f(s).
-4
Let l(k) = -3*k**3 - 4*k**2 - 7*k - 5. Let n(u) = u**3 + 1. Let m(w) = -l(w) - 4*n(w). Suppose -2*x + 14 = -4*f - 0*f, -x + 10 = -5*f. Calculate m(x).
11
Suppose 7*u + 5 = -2. Let n be 51/7 + 4/(-14). Let a = n + u. Let i(f) = f - 4. Give i(a).
2
Let r(b) = -b**2 - 6*b - 8. Let n(o) = -2*o**2 - 1. Let f(k) = -2*n(k) + r(k). Give f(6).
66
Let o(s) = s**3 - s**2 + s. Let z(w) = -7*w**3 + 6*w**2 - 4*w + 2. Let b(h) = -6*o(h) - z(h). Let c be b(0). Let k(x) = x**3 + 2*x**2 - 2*x - 1. Give k(c).
3
Let c(f) = f**3 - 7*f**2 - 7. Suppose -5*s = -73 + 183. Let w = -15 - s. Give c(w).
-7
Let k(t) be the third derivative of -t**4/24 + t**3 - 87*t**2. Determine k(10).
-4
Let y(m) be the second derivative of -m**4/6 + m**3 + 3*m**2/2 - 69*m. Give y(4).
-5
Let z(u) be the second derivative of u**5/20 + 5*u**4/24 + u**3/3 - 7*u**2 - 5*u - 3. Let p(l) be the first derivative of z(l). What is p(-3)?
14
Let c(h) = -10*h**3 - h**2. Suppose 58*d - 55*d = -3. Determine c(d).
9
Let t(h) = 4*h**2 - 4*h - 10. Let j(b) = 5*b**2 - 2*b - 12. Let x(d) = -3*j(d) + 4*t(d). What is x(8)?
-20
Let l(c) = c**3 + 13*c**2 - 2*c - 20. Let j be l(-13). Let t(v) = -v**3 + 4*v**2 + 8*v - 1. Determine t(j).
-25
Let o(m) = 30*m - 10 + 30*m - 107*m + 6*m**2 + m**3 + 40*m. Determine o(-7).
-10
Let a(q) be the first derivative of -q**2 + 8*q - 80. Give a(-6).
20
Let g = -17 + 20. Let y(d) = 2*d**2 + 3*d + 8. Let j(n) = n**2 + 1. Let c(h) = g*j(h) - y(h). Suppose 0 = -7*q + 10*q - 15. Determine c(q).
5
Let j(i) = -i**2 - 126*i - 5 + 241*i - 119*i. Give j(-4).
-5
Let d(w) = -30*w + 63. Let z(l) = 15*l - 32. Let b(r) = 4*d(r) + 9*z(r). Let p(x) = 3*x - 7. Let a(q) = -2*b(q) + 11*p(q). What is a(4)?
7
Let z(j) = j**2 + 2*j - 5. Suppose 0 = -2*n - 2*n - 20. Let s = 10 + n. Let y be s + -6 - (2 - -1). Give z(y).
3
Let h = -540 + 540. Let y(t) = t**2 + 1. Let i = 0 - 1. Let r(c) = -4*c**2 - c - 8. Let j(n) = i*r(n) - 3*y(n). Give j(h).
5
Let t(x) = x**2 - x - 4. Let m(d) = -2*d**2 + 4. Let z(b) = -2*m(b) - 3*t(b). Let q be 5 - (-2 + 10)*1. Calculate z(q).
4
Let u(s) = 4*s + 8. Let b(n) = -7*n - 16. Suppose -7*p = -39 + 4. Let c(t) = p*u(t) + 3*b(t). Calculate c(-6).
-2
Let r(c) = -c**2 - c + 9. Let d be r(0). Let q(g) = 1754 - g**2 + 9*g + 1771 - 3535. Calculate q(d).
-10
Suppose s = -3*p - 0 + 3, -2*p = -4*s - 2. Let d be p - (-3 + (3 - -1)). Let m(r) = -r**2 - r - 11. Determine m(d).
-11
Suppose -162*v + 156*v = 72. Let h(c) = -c**2 - 13*c - 9. Calculate h(v).
3
Let a be 0*1/(-2) + 0. Suppose a = 20*s - 18*s + 50. Let o be -1*(-3)/((-15)/s). Let g(w) = -3*w + 4. What is g(o)?
-11
Let a(c) = -c**3 + 9*c**2 - 9*c + 2. Let j = -74 + 82. Calculate a(j).
-6
Let z = 121 + -117. Let c(i) = -i**3 + i**2 + 6*i - 8. Let k(f) = -f**2 - 1. Let o(b) = c(b) - 2*k(b). Let d be o(z). Let q(y) = -3*y - 2. Give q(d).
-8
Let p(x) = x. Let a(t) = t**3 - 8*t**2 - 7*t - 12. Suppose 84 = 11*j - 15. Let y be a(j). Give p(y).
6
Suppose 0*r = 6*r - 7*r. Let c(f) be the third derivative of -1/4*f**4 - 1/120*f**6 - f**3 - 2*f**2 + 0*f + 7/60*f**5 + r. Determine c(6).
-6
Let u(n) = -n + 4. Suppose -4*z - z + 39 = -4*o, -3*z + 2*o + 25 = 0. Calculate u(z).
-7
Let q be (9 - 20)*(0 - 1). Let u(g) = g - 1. Let n(d) = 3*d - 3. Let a(s) = q*u(s) - 4*n(s). Let i(v) = -v**3 - 2*v**2 + 3*v - 4. Let m be i(-3). Give a(m).
5
Let f(t) be the first derivative of t**6/360 - t**5/10 + 7*t**4/24 - 8*t**3 - 49. Let g(w) be the third derivative of f(w). Give g(8).
-25
Suppose 3*o - 33 = -12. Suppose -o*t = -2*t - 25. Let p(m) be the second derivative of -m**4/12 + 7*m**3/6 - 5*m**2/2 + 279*m. Give p(t).
5
Let l(b) be the third derivative of 0 - 1/30*b**5 - 1/3*b**3 + 1/12*b**4 - 12*b**2 - 1/120*b**6 + 0*b. What is l(-3)?
1
Let o be ((-27)/12 - -2)*-8. Suppose v - 3*v - 22 = 5*x, 2*v = -o. Let l(t) = 2*t**2 + 5*t + 1. Give l(x).
13
Let t(c) be the first derivative of -c**2/2 + 2*c + 16. Let s(b) = b - 3. Let g(q) = -4*s(q) - 6*t(q). Give g(-2).
-4
Let f(z) = -z - 3 + z**2 - z + 4*z - 2*z**2. Suppose -3*u = -2*b - 15, -2*u - 3*b = 3*u - 25. Suppose 6 = -u*l + 21. Calculate f(l).
-6
Let b(m) = 5*m**3 + 9*m**2 - 3*m + 3. Let o(w) = -6*w**3 - 10*w**2 + 4*w - 4. Let p be 1/(9/(-18) - 14/(-20)). Let g(c) = p*b(c) + 4*o(c). What is g(-3)?
14
Let z = 7107 + -7103. Let a(s) = -5*s**2 + 4*s + 5. Let f(v) = 6*v**2 - 4*v - 6. Let j(g) = -5*a(g) - 4*f(g). Give j(z).
-1
Let g = -5 - -8. Let w(s) = 9*s + 13. Let n(l) = -19*l - 29. Let y(m) = -4*n(m) - 9*w(m). Give y(g).
-16
Let j(a) = a - 1. Let v(d) = -d + 1. Let r be -21*(21/9)/7. Let s be v(r). Suppose 2*w - s = -2*w. What is j(w)?
1
Let u(s) = -412*s**3 - 7 + s - 416*s**3 - 8*s + 3*s**2 + 829*s**3. Calculate u(-5).
-22
Let l be 4 - 0 - (0 - 96). Let r be 40/l*(1 - -14). Let p be -7 + 6/(r + -4). Let g(b) = -b**2 - 3*b. Determine g(p).
-4
Suppose 9 + 7 = 8*g. Suppose -h + z + 17 = h, -5*z - 29 = -g*h. Let v(r) = r**3 - 7*r**2 + 2*r - 8. Give v(h).
6
Suppose 25 = 5*n, -8*b = -11*b - 3*n + 18. Let l(o) = 3*o + 2. Give l(b).
5
Let u = -12 - -12. Suppose u = 2*s - 5*b + 20, 2*b + 2*b - 16 = 5*s. Let h(g) be the first derivative of -g**2/2 + 12*g + 1. Determine h(s).
12
Let f(p) = p**3 + 15*p**2 - 13*p - 5. Suppose -5*z - 78 = -16*l + 15*l, l + 66 = -4*z. Determine f(z).
-53
Let v(u) = 9*u**2 + 11*u - 1. Let i(a) = -5*a**2 - 6*a + 1. Let h(n) = 5*i(n) + 3*v(n). What is h(-3)?
11
Suppose -11 + 2 = -3*c. Let h(a) = a**3 - 4*a**2 + 3*a - 4. Let n be h(c). Let m(x) be the second derivative